lculate the remainder when 129230 is divided by 400.
30
Calculate the remainder when 7054 is divided by 437.
62
Calculate the remainder when 241655 is divided by 562.
557
Calculate the remainder when 4040 is divided by 1926.
188
What is the remainder when 2507 is divided by 110?
87
What is the remainder when 998 is divided by 995?
3
Calculate the remainder when 4091 is divided by 38.
25
What is the remainder when 45142 is divided by 41?
1
Calculate the remainder when 61416 is divided by 20426.
138
Calculate the remainder when 4131 is divided by 118.
1
What is the remainder when 839 is divided by 787?
52
What is the remainder when 2128267 is divided by 1064132?
3
Calculate the remainder when 162597 is divided by 40.
37
What is the remainder when 440787 is divided by 105?
102
What is the remainder when 5694 is divided by 92?
82
Calculate the remainder when 30377 is divided by 422.
415
What is the remainder when 82359 is divided by 116?
115
Calculate the remainder when 1385 is divided by 1271.
114
Calculate the remainder when 15007 is divided by 47.
14
What is the remainder when 24962 is divided by 219?
215
Calculate the remainder when 13520 is divided by 4483.
71
What is the remainder when 12503 is divided by 6214?
75
What is the remainder when 10466 is divided by 10451?
15
Calculate the remainder when 353441 is divided by 15.
11
Calculate the remainder when 43447 is divided by 110.
107
What is the remainder when 148331 is divided by 8?
3
What is the remainder when 1640644 is divided by 261?
259
Calculate the remainder when 1879 is divided by 178.
99
Calculate the remainder when 7854 is divided by 7836.
18
Calculate the remainder when 27306 is divided by 9066.
108
What is the remainder when 59292 is divided by 19752?
36
What is the remainder when 10042 is divided by 773?
766
What is the remainder when 1198 is divided by 92?
2
Calculate the remainder when 14315 is divided by 6996.
323
What is the remainder when 10049 is divided by 7?
4
What is the remainder when 37321 is divided by 23?
15
Calculate the remainder when 1897 is divided by 92.
57
Calculate the remainder when 124758 is divided by 72.
54
Calculate the remainder when 373913 is divided by 124624.
41
Calculate the remainder when 103987 is divided by 646.
627
Calculate the remainder when 40421 is divided by 78.
17
What is the remainder when 13209 is divided by 210?
189
What is the remainder when 2098464 is divided by 109?
105
What is the remainder when 227363 is divided by 1486?
5
Calculate the remainder when 29948 is divided by 2320.
2108
What is the remainder when 2153 is divided by 2057?
96
Calculate the remainder when 514 is divided by 415.
99
What is the remainder when 575473 is divided by 121?
118
Calculate the remainder when 25049 is divided by 659.
7
Calculate the remainder when 15571 is divided by 269.
238
Calculate the remainder when 40585 is divided by 1061.
267
Calculate the remainder when 50538 is divided by 32.
10
What is the remainder when 1373 is divided by 1362?
11
What is the remainder when 2101 is divided by 1128?
973
Calculate the remainder when 991467 is divided by 15.
12
Calculate the remainder when 1286 is divided by 1074.
212
Calculate the remainder when 20652 is divided by 45.
42
Calculate the remainder when 138229 is divided by 198.
25
Calculate the remainder when 7100 is divided by 700.
100
What is the remainder when 261437 is divided by 64?
61
What is the remainder when 84119 is divided by 42014?
91
What is the remainder when 449031 is divided by 89806?
1
What is the remainder when 14926 is divided by 245?
226
Calculate the remainder when 30279 is divided by 71.
33
Calculate the remainder when 127254 is divided by 1236.
1182
What is the remainder when 13501 is divided by 2207?
259
What is the remainder when 654910 is divided by 64?
62
Calculate the remainder when 7267 is divided by 24.
19
What is the remainder when 4957 is divided by 420?
337
Calculate the remainder when 77724 is divided by 22.
20
Calculate the remainder when 12274 is divided by 1753.
3
What is the remainder when 17016 is divided by 677?
91
Calculate the remainder when 135331 is divided by 33.
31
Calculate the remainder when 542366 is divided by 544.
542
What is the remainder when 2996 is divided by 124?
20
Calculate the remainder when 94789 is divided by 3510.
19
Calculate the remainder when 22958 is divided by 5388.
1406
Calculate the remainder when 96677 is divided by 62.
19
What is the remainder when 82492 is divided by 8247?
22
What is the remainder when 27334 is divided by 51?
49
Calculate the remainder when 510124 is divided by 734.
728
What is the remainder when 10962 is divided by 79?
60
Calculate the remainder when 10198 is divided by 2.
0
What is the remainder when 13681 is divided by 162?
73
Calculate the remainder when 9906 is divided by 4916.
74
What is the remainder when 24407 is divided by 27?
26
Calculate the remainder when 39662 is divided by 5.
2
Calculate the remainder when 52117 is divided by 17.
12
Calculate the remainder when 122559 is divided by 18.
15
What is the remainder when 21872 is divided by 187?
180
Calculate the remainder when 104 is divided by 63.
41
Calculate the remainder when 34699 is divided by 54.
31
Calculate the remainder when 1357 is divided by 70.
27
What is the remainder when 10098 is divided by 20?
18
Calculate the remainder when 104376 is divided by 73.
59
Calculate the remainder when 6530 is divided by 241.
23
Calculate the remainder when 4686 is divided by 181.
161
What is the remainder when 125789 is divided by 25?
14
What is the remainder when 5044725 is divided by 8?
5
Calculate the remainder when 6440 is divided by 2145.
5
What is the remainder when 7501 is divided by 2491?
28
What is the remainder when 12643 is divided by 54?
7
What is the remainder when 357017 is divided by 3758?
7
Calculate the remainder when 4470 is divided by 816.
390
What is the remainder when 8519 is divided by 155?
149
What is the remainder when 32979 is divided by 5495?
9
What is the remainder when 11219 is divided by 420?
299
What is the remainder when 140915 is divided by 19?
11
Calculate the remainder when 5436 is divided by 287.
270
Calculate the remainder when 2681 is divided by 269.
260
Calculate the remainder when 82 is divided by 76.
6
Calculate the remainder when 368 is divided by 230.
138
What is the remainder when 1606762 is divided by 34?
24
What is the remainder when 63415 is divided by 722?
601
Calculate the remainder when 266 is divided by 257.
9
What is the remainder when 411901 is divided by 137294?
19
What is the remainder when 18312 is divided by 6104?
0
What is the remainder when 21847 is divided by 160?
87
What is the remainder when 7315 is divided by 40?
35
Calculate the remainder when 103317 is divided by 21.
18
Calculate the remainder when 166696 is divided by 393.
64
Calculate the remainder when 27043 is divided by 196.
191
What is the remainder when 380614 is divided by 327?
313
What is the remainder when 45331 is divided by 1617?
55
What is the remainder when 4313 is divided by 391?
12
Calculate the remainder when 2620 is divided by 335.
275
Calculate the remainder when 29540 is divided by 9758.
266
What is the remainder when 2482 is divided by 85?
17
Calculate the remainder when 186844 is divided by 114.
112
Calculate the remainder when 15224 is divided by 3026.
94
Calculate the remainder when 17264 is divided by 89.
87
What is the remainder when 51853 is divided by 134?
129
Calculate the remainder when 820 is divided by 358.
104
What is the remainder when 27556 is divided by 13778?
0
What is the remainder when 213009 is divided by 293?
291
Calculate the remainder when 424799 is divided by 13.
11
What is the remainder when 130 is divided by 124?
6
Calculate the remainder when 24274 is divided by 742.
530
Calculate the remainder when 6692 is divided by 315.
77
Calculate the remainder when 735523 is divided by 63.
61
Calculate the remainder when 296092 is divided by 98695.
7
What is the remainder when 20869 is divided by 75?
19
Calculate the remainder when 115121 is divided by 78.
71
Calculate the remainder when 59941 is divided by 19936.
133
What is the remainder when 18547 is divided by 132?
67
Calculate the remainder when 1634 is divid